(p) is divided by b?
0
Suppose -5*w + 8 + 132 = 0. Let l(q) = -q + 7. Let o be l(6). What is the remainder when w is divided by 82/8 - o/4?
8
Suppose -87 = -4*f - 3*j, -110 = -5*f - 4*j - j. What is the remainder when f is divided by 7/(14/(-16))*(1 + -2)?
5
Suppose -3*o = 3*s - 30, 3*s + 86 = 5*o - s. Let t(y) = y**3 - 5*y**2 - 9*y + 5. Calculate the remainder when t(7) is divided by o.
12
Let z(b) be the third derivative of -b**5/30 - b**4/2 - 7*b**3/6 + 5*b**2. Calculate the remainder when 10 is divided by z(-5).
1
Let t = -27 + 35. Calculate the remainder when t is divided by 4.
0
Let a be ((-10)/6)/((-10)/30). Suppose -a*d = -35 - 35. Calculate the remainder when 53 is divided by d.
11
Let c be (-4)/6*-15 + -1. Let s = c + -9. Suppose -5*u = -2*u + 12, s = p + 3*u - 7. Calculate the remainder when 55 is divided by p.
17
Let a = 5 + 1. Calculate the remainder when 10 is divided by a.
4
Suppose 6*v = 8*v - 82. Calculate the remainder when v is divided by 11.
8
Suppose 6 = -2*b, 3*m = 2*b - 0*b + 168. Suppose -137*v + 142*v - 140 = 0. What is the remainder when m is divided by v?
26
Let n(k) = k**2 + 16*k - 24. What is the remainder when n(-20) is divided by 16?
8
Let q(a) = 2*a**2 - 9*a - 8. Let h be q(7). Calculate the remainder when (0 - -1) + h + -1 is divided by 14.
13
What is the remainder when 25 is divided by 11 - (0 - 16/(-4))?
4
Suppose 0 = -h - k + 13 + 10, -2*h - 5*k = -46. Calculate the remainder when 66 is divided by h.
20
Let r = -75 - -79. Calculate the remainder when 5 is divided by r.
1
Let z = 1 + 1. Let m = -9 - -16. Calculate the remainder when (z + -32)/((-9)/6) is divided by m.
6
Suppose -j + 0*j - 2*d + 6 = 0, -3*j + 10 = 4*d. What is the remainder when (-20)/(-15) - j/3 is divided by 1?
0
Suppose 6 = -r + 15. Calculate the remainder when 1 + 1 + -8 + 22 is divided by r.
7
Suppose 0*t = -t. Suppose t = 3*w - 0*w. Let f(x) = -x**2 + 53. Calculate the remainder when f(w) is divided by 18.
17
Let a(m) = 10*m + 1. Let u(c) = -c + 8. Let x be u(6). Let d(v) = 2*v**2 + 2*v - 1. What is the remainder when a(x) is divided by d(-3)?
10
Let s(x) = x - 50. Let i be s(0). What is the remainder when (i/(-8))/(1/4) is divided by 13?
12
Suppose 2*i = -2*k - 8, i - 4*k = -2*i + 16. Suppose v - 3 - 5 = i. What is the remainder when v is divided by 5?
3
Let f be 1/2 + (-130)/20. What is the remainder when 59 is divided by (-7)/(21/f)*10?
19
Let f = 1 - -16. Calculate the remainder when f is divided by 7.
3
Suppose 4*f - 534 = -2*s, -66 = -f - 2*s + 63. Calculate the remainder when f is divided by 20.
15
What is the remainder when 17 is divided by (1/1)/(3/30)?
7
Let x = -39 - -56. What is the remainder when 50 is divided by x?
16
Let i = -22 - -59. Let q = -16 + 9. Let g = q + 20. What is the remainder when i is divided by g?
11
Let w(i) = -i. Calculate the remainder when 2 is divided by w(-2).
0
Suppose 3*g = 2*g + 3*n - 9, -5*n = 4*g - 32. Suppose 7*m - 36 = g*m. What is the remainder when 15 is divided by m?
6
Suppose -4*r + 5*x + 39 = -2*r, -4*r + 5*x = -53. Let q = r + 10. Suppose k = -2*k - 12, d + 5*k + 14 = 0. What is the remainder when q is divided by d?
5
Let r(d) = 15*d + 2. Suppose -3*q + 36 = q. Calculate the remainder when r(2) is divided by q.
5
Let p = -6 + 5. Let f = p - -8. Calculate the remainder when f is divided by 3*(-1)/(3/(-4)).
3
Let j(w) = w**3 - 11*w**2 + 12*w - 14. What is the remainder when 10 is divided by j(10)?
4
Suppose 2*c - 11 = 17. Let j(q) = q**3 + 12*q**2 + 11*q + 25. Let p = -13 + 2. Calculate the remainder when j(p) is divided by c.
11
Suppose 3*z = 3*n - 138, 0*z - 182 = 4*z - 3*n. Suppose 0 = t - 2, 3*t = -p - 62 + 162. Let i = p + z. Calculate the remainder when i is divided by 17.
16
Let n = 8 - 5. Suppose -n*a + 56 = a. Calculate the remainder when -2*4/((-16)/54) is divided by a.
13
Let j be 2/1 - 2 - -16. Let y(o) = -o**3 + o**2 - o + 5. Calculate the remainder when (-4)/j - 57/(-4) is divided by y(0).
4
Let n(f) = 2*f + 6. What is the remainder when n(11) is divided by 17?
11
Let l(f) = 2*f**2 + 2*f. Let o be l(5). Let b = -21 + o. Calculate the remainder when b is divided by 10.
9
Suppose -14 = -4*b - 6. Suppose -k + 3*k - 19 = f, -b*k + 4*f = -4. Calculate the remainder when 35 is divided by k.
11
Suppose v = 2*q + 10, 4*q - 10 + 34 = 4*v. Let f(p) = -p**3 + 4*p**2 + 6*p - 1. Let c = 15 + -10. Calculate the remainder when f(c) is divided by v.
0
Let q(u) = -u + 1. Let c(b) = 3*b + 1 - 5*b - 6. Let h(d) = c(d) + 4*q(d). Calculate the remainder when 7 is divided by h(-1).
2
What is the remainder when 93/2 + (-1)/2 is divided by 10?
6
Suppose 5 = 3*k - 2*k. Let f(v) = -v - 5. Let i be f(-5). Suppose i = 4*m + 12, -2*p + 40 = -5*m + 7. What is the remainder when p is divided by k?
4
Let d = -22 + 40. What is the remainder when d is divided by 5?
3
Suppose -30 = -6*j + 6. What is the remainder when 52 is divided by j?
4
Suppose -3*b - 4*q = 35, -q - 7 = -2. Let c(k) = k**3 + 7*k**2 + 2*k - 4. What is the remainder when c(b) is divided by 13?
10
Let w(q) = 4*q**2 - 2*q + 2. What is the remainder when 6 is divided by w(1)?
2
Suppose 6*i - 91 = 29. Calculate the remainder when 33 is divided by i.
13
Suppose 4*f + 0*f = -48. Let a = -4 - f. Calculate the remainder when 21 is divided by a.
5
Suppose w + 3*x + 3 = -2*x, -w + 3*x = -13. Calculate the remainder when w is divided by 6.
1
Let j be 81*1*2/(-3). Calculate the remainder when 21 is divided by (-12)/j - 70/(-9).
5
Let p(s) = -2 + 0 + 7 + 4*s. Let z be p(4). Let o = 30 - z. Calculate the remainder when 25 is divided by o.
7
Suppose 5*m + 275 = 5*w, -3*w - 5*m - 220 = -7*w. Calculate the remainder when w is divided by 19.
17
Let n be -4 - -1 - -6 - -1. Suppose 0 = 2*k - 3*o + o - 130, 0 = o + n. What is the remainder when k is divided by 16?
13
Suppose -3*w + 2*t + 3 = -0*t, 4*w - 21 = -3*t. Suppose -w*k - 10 - 2 = 0, -28 = -p + 2*k. Calculate the remainder when (-3 + 7)*59/4 is divided by p.
19
Suppose x + 41 = f, f - 3*f - 3*x + 62 = 0. Calculate the remainder when 72 is divided by f.
35
Let s be -8 + 1 - (5 + -2). Let z = -8 - s. Calculate the remainder when 3 is divided by z.
1
Suppose 3*n = -n. Suppose n = -2*q - 14 + 100. Calculate the remainder when q is divided by 15.
13
Let m(r) = r**2 + r - 5. Suppose 23*p - 18*p - 285 = 0. Calculate the remainder when p is divided by m(-5).
12
Let x be 3 - (0 - (-2 - 1)). Suppose x*s - 64 = -4*s. What is the remainder when 61 is divided by s?
13
Suppose -7*g + 180 = 4*s - 3*g, -s + 3*g = -29. Calculate the remainder when s is divided by 23.
18
Let v be 60/4 - (-1 - -5). Suppose 9*f + 22 = v*f. What is the remainder when 41 is divided by f?
8
Let d(b) = -8*b**2 + 2*b - 1. Let w be d(1). Let c = 11 + w. Let h(m) = m**3 + 11*m**2 + 28*m - 2. What is the remainder when h(-6) is divided by c?
2
Let i(q) be the third derivative of 37*q**4/24 - q**3/2 - q**2. Let k = 37 + -35. Calculate the remainder when i(k) is divided by 24.
23
Let f = 33 - -21. Suppose 18 = o + 2*r, -10*r = o - 5*r - 24. What is the remainder when f is divided by o?
12
Let l(k) = k**2 + k - 7. Let z be l(7). Let n(u) = -u**3 - u**2 + 71. Let j be n(0). Let m = j - z. Calculate the remainder when 42 is divided by m.
20
Let c = 16 - 11. Let w(s) = 2*s - 2. Let z = -5 - -7. Calculate the remainder when c is divided by w(z).
1
Let h(r) = -r**3 + r**2 + 2*r + 1. Let x(g) = g**2 - 8 + 0*g - 2 + 7*g. Let w be x(-8). What is the remainder when 17 is divided by h(w)?
8
Suppose v - 39 = -19. Calculate the remainder when v is divided by 4.
0
Let o(f) = 3*f**2 - 2*f**2 - 2*f + 2 + 0*f**2 + 3*f**2. What is the remainder when 26 is divided by o(2)?
12
Let s = 9 + -5. Suppose -i = -4*y - 25, 0*i = -s*i - 4*y + 100. Suppose 3*m - i = 14. Calculate the remainder when m is divided by 7.
6
Suppose 5*h = -4*j - 24 + 67, 0 = -3*j + 6. Let c(k) be the second derivative of -k**3/2 + k**2/2 - k. Calculate the remainder when h is divided by c(-1).
3
Let o(f) = 2*f**2 - 2. Let c = 3 + -9. Let z(y) = -4*y - 9. Calculate the remainder when z(c) is divided by o(2).
3
Suppose 17 = 3*m + b, 5*b = m + 12 + 9. What is the remainder when 14 is divided by m?
2
Let x(o) = -6*o. Calculate the remainder when 69 is divided by x(-4).
21
What is the remainder when 141 